{"id":3541,"date":"2014-12-11T17:50:51","date_gmt":"2014-12-11T16:50:51","guid":{"rendered":"https:\/\/undsgn.com\/uncode\/?page_id=3541"},"modified":"2024-03-02T22:48:14","modified_gmt":"2024-03-02T22:48:14","slug":"hakkimizda","status":"publish","type":"page","link":"https:\/\/www.intelcon.com.tr\/index.php\/pages\/hakkimizda\/","title":{"rendered":"Hakk\u0131m\u0131zda"},"content":{"rendered":"<p>[vc_row row_height_percent=&#8221;0&#8243; override_padding=&#8221;yes&#8221; h_padding=&#8221;2&#8243; top_padding=&#8221;5&#8243; bottom_padding=&#8221;5&#8243; overlay_alpha=&#8221;100&#8243; gutter_size=&#8221;100&#8243; shift_y=&#8221;0&#8243; style=&#8221;inherited&#8221;][vc_column column_width_use_pixel=&#8221;yes&#8221; align_horizontal=&#8221;align_center&#8221; gutter_size=&#8221;4&#8243; font_family=&#8221;font-134980&#8243; overlay_alpha=&#8221;100&#8243; shift_x=&#8221;0&#8243; shift_y=&#8221;0&#8243; medium_width=&#8221;0&#8243; zoom_width=&#8221;0&#8243; zoom_height=&#8221;0&#8243; width=&#8221;1\/1&#8243;][vc_tabs][vc_tab no_margin=&#8221;yes&#8221; title=&#8221;Manifesto&#8221; tab_id=&#8221;1434114947-1-82&#8243;][vc_column_text text_lead=&#8221;yes&#8221;]Intelcon, sekt\u00f6r deneyimlerine dayanarak, teori ve prati\u011fin bir araya gelebilmesi hedefini benimsemi\u015ftir. \u00dcniversiteleri i\u015f pratikleriyle bulu\u015fturup piyasa dinamiklerine adapte olmay\u0131 ba\u015farm\u0131\u015f, uluslararas\u0131 normlarda i\u015fg\u00fcc\u00fc olu\u015fmas\u0131na \u00f6nayak olmak yola \u00e7\u0131k\u0131\u015f noktam\u0131z\u0131 \u00f6zetlemektedir.<\/p>\n<p>S\u0131n\u0131rlar\u0131n kalkt\u0131\u011f\u0131 d\u00fcnyada tedarik zincirine yeni bir bak\u0131\u015f getirerek, yeni \u00e7a\u011f\u0131n gerek ham madde gerekse de lojistik konusunda \u00f6nc\u00fc firmalar\u0131ndan biri olarak, global d\u00fcnyaya art\u0131 de\u011fer katmak amac\u0131nday\u0131z[\/vc_column_text][\/vc_tab][vc_tab no_margin=&#8221;yes&#8221; title=&#8221;V\u0130ZYON&#8221; tab_id=&#8221;1434114947-2-86&#8243;][vc_column_text text_lead=&#8221;yes&#8221;]<\/p>\n<p class=\"separatoroff\">Hedefimiz, Asya&#8217;n\u0131n \u00fcretkenli\u011fi ve bat\u0131n\u0131n \u00fcretim metodolojisini bir araya getirmek, s\u0131n\u0131rlar\u0131n kalkt\u0131\u011f\u0131 d\u00fcnyada uluslararas\u0131 sahnede &#8216;yerelle\u015fmek&#8217;. D\u00fcnya ham madde pazar\u0131nda oyun kuruculardan biri olmakt\u0131r.<\/p>\n<p>[\/vc_column_text][\/vc_tab][vc_tab no_margin=&#8221;yes&#8221; title=&#8221;M\u0130SYON&#8221; tab_id=&#8221;1434115238057-2-1&#8243;][vc_column_text text_lead=&#8221;yes&#8221;]M\u00fc\u015fterilerimiz ve i\u015f ortaklar\u0131m\u0131zla sa\u011flad\u0131\u011f\u0131m\u0131z kar\u015f\u0131l\u0131kl\u0131 g\u00fcven ve samimiyetimizi gerek yurt i\u00e7inde gerek de uluslararas\u0131 alanda k\u0131sa vadeli \u00e7\u00f6z\u00fcmlerden, uzun vadeli i\u015f ortakl\u0131klar\u0131na ta\u015f\u0131mak; verdi\u011fimiz hizmetle sekt\u00f6rlerinde art\u0131 de\u011fer katmak temel amac\u0131m\u0131zd\u0131r.[\/vc_column_text][\/vc_tab][\/vc_tabs][\/vc_column][\/vc_row][vc_row row_height_percent=&#8221;0&#8243; back_color=&#8221;color-lxmt&#8221; overlay_alpha=&#8221;50&#8243; gutter_size=&#8221;3&#8243; column_width_percent=&#8221;100&#8243; shift_y=&#8221;0&#8243; z_index=&#8221;0&#8243; shape_dividers=&#8221;&#8221;][vc_column width=&#8221;1\/1&#8243;][vc_custom_heading]<span style=\"color: #ff0000;\">\u0130\u015eT\u0130RAKLARIMIZ<\/span>[\/vc_custom_heading][\/vc_column][\/vc_row][vc_row row_height_percent=&#8221;0&#8243; back_color=&#8221;color-lxmt&#8221; overlay_alpha=&#8221;50&#8243; gutter_size=&#8221;3&#8243; column_width_percent=&#8221;100&#8243; shift_y=&#8221;0&#8243; z_index=&#8221;0&#8243; shape_dividers=&#8221;&#8221;][vc_column width=&#8221;1\/1&#8243;][vc_gallery el_id=&#8221;gallery-161315&#8243; medias=&#8221;84284,84285,84287,84288&#8243; gutter_size=&#8221;3&#8243; screen_lg=&#8221;1000&#8243; screen_md=&#8221;600&#8243; screen_sm=&#8221;480&#8243; single_width=&#8221;3&#8243; single_overlay_opacity=&#8221;50&#8243; single_padding=&#8221;2&#8243;][\/vc_column][\/vc_row][vc_row row_height_percent=&#8221;0&#8243; override_padding=&#8221;yes&#8221; h_padding=&#8221;2&#8243; top_padding=&#8221;5&#8243; bottom_padding=&#8221;5&#8243; back_image=&#8221;83286&#8243; parallax=&#8221;yes&#8221; kburns=&#8221;zoom&#8221; overlay_color=&#8221;color-prif&#8221; overlay_alpha=&#8221;52&#8243; gutter_size=&#8221;100&#8243; column_width_percent=&#8221;100&#8243; shift_y=&#8221;0&#8243; z_index=&#8221;0&#8243; style=&#8221;inherited&#8221;][vc_column column_width_percent=&#8221;100&#8243; position_horizontal=&#8221;left&#8221; align_horizontal=&#8221;align_center&#8221; gutter_size=&#8221;4&#8243; overlay_alpha=&#8221;100&#8243; shift_x=&#8221;0&#8243; shift_y=&#8221;0&#8243; z_index=&#8221;0&#8243; medium_width=&#8221;0&#8243; mobile_width=&#8221;0&#8243; zoom_width=&#8221;0&#8243; zoom_height=&#8221;0&#8243; width=&#8221;1\/1&#8243;][vc_row_inner row_inner_height_percent=&#8221;0&#8243; overlay_alpha=&#8221;100&#8243; gutter_size=&#8221;4&#8243; shift_y=&#8221;0&#8243; limit_content=&#8221;&#8221;][vc_column_inner column_width_percent=&#8221;100&#8243; align_horizontal=&#8221;align_center&#8221; gutter_size=&#8221;3&#8243; style=&#8221;dark&#8221; overlay_alpha=&#8221;100&#8243; shift_x=&#8221;0&#8243; shift_y=&#8221;0&#8243; shift_y_down=&#8221;0&#8243; z_index=&#8221;0&#8243; medium_width=&#8221;3&#8243; mobile_width=&#8221;0&#8243; zoom_width=&#8221;0&#8243; zoom_height=&#8221;0&#8243; width=&#8221;1\/3&#8243;][vc_icon icon=&#8221;fa fa-search2&#8243; icon_color=&#8221;color-446820&#8243; background_style=&#8221;fa-rounded&#8221; size=&#8221;fa-3x&#8221; text_size=&#8221;h4&#8243; text_reduced=&#8221;yes&#8221; align=&#8221;left&#8221; el_class=&#8221;h3-white&#8221;]\u0130\u015f ortaklar\u0131m\u0131z i\u00e7in K\u0131sa &#8211; Orta &#8211; Uzun Vade i\u00e7in detayl\u0131 d\u0131\u015f pazar ara\u015ft\u0131rmas\u0131 yap\u0131yoruz.[\/vc_icon][\/vc_column_inner][vc_column_inner column_width_percent=&#8221;100&#8243; align_horizontal=&#8221;align_center&#8221; gutter_size=&#8221;3&#8243; style=&#8221;dark&#8221; overlay_alpha=&#8221;100&#8243; shift_x=&#8221;0&#8243; shift_y=&#8221;0&#8243; shift_y_down=&#8221;0&#8243; z_index=&#8221;0&#8243; medium_width=&#8221;3&#8243; mobile_width=&#8221;0&#8243; zoom_width=&#8221;0&#8243; zoom_height=&#8221;0&#8243; width=&#8221;1\/3&#8243;][vc_icon icon=&#8221;fa fa-database3&#8243; icon_color=&#8221;color-446820&#8243; background_style=&#8221;fa-rounded&#8221; size=&#8221;fa-3x&#8221; text_size=&#8221;h4&#8243; text_reduced=&#8221;yes&#8221; align=&#8221;left&#8221;]D\u0131\u015f ticaret ile veri analiti\u011fini sentezleyerek, g\u00f6rselle\u015ftirilmi\u015f nitelikli analizler \u00fcretiyoruz.[\/vc_icon][\/vc_column_inner][vc_column_inner column_width_percent=&#8221;100&#8243; align_horizontal=&#8221;align_center&#8221; gutter_size=&#8221;3&#8243; style=&#8221;dark&#8221; overlay_alpha=&#8221;100&#8243; shift_x=&#8221;0&#8243; shift_y=&#8221;0&#8243; shift_y_down=&#8221;0&#8243; z_index=&#8221;0&#8243; medium_width=&#8221;3&#8243; mobile_width=&#8221;0&#8243; zoom_width=&#8221;0&#8243; zoom_height=&#8221;0&#8243; width=&#8221;1\/3&#8243;][vc_icon icon=&#8221;fa fa-road&#8221; icon_color=&#8221;color-446820&#8243; background_style=&#8221;fa-rounded&#8221; size=&#8221;fa-3x&#8221; text_size=&#8221;h4&#8243; text_reduced=&#8221;yes&#8221; align=&#8221;left&#8221;]D\u0131\u015f ticaret operasyonlar\u0131nda i\u015f ortaklar\u0131m\u0131za lojistik konusunda destek veriyoruz.[\/vc_icon][\/vc_column_inner][\/vc_row_inner][vc_row_inner row_inner_height_percent=&#8221;0&#8243; overlay_alpha=&#8221;100&#8243; gutter_size=&#8221;4&#8243; shift_y=&#8221;0&#8243; limit_content=&#8221;&#8221;][vc_column_inner column_width_percent=&#8221;100&#8243; align_horizontal=&#8221;align_center&#8221; gutter_size=&#8221;3&#8243; style=&#8221;dark&#8221; overlay_alpha=&#8221;100&#8243; shift_x=&#8221;0&#8243; shift_y=&#8221;0&#8243; shift_y_down=&#8221;0&#8243; z_index=&#8221;0&#8243; medium_width=&#8221;3&#8243; mobile_width=&#8221;0&#8243; zoom_width=&#8221;0&#8243; zoom_height=&#8221;0&#8243; width=&#8221;1\/3&#8243;][vc_icon icon=&#8221;fa fa-lightbulb&#8221; icon_color=&#8221;color-446820&#8243; background_style=&#8221;fa-rounded&#8221; size=&#8221;fa-3x&#8221; text_size=&#8221;h4&#8243; text_reduced=&#8221;yes&#8221; align=&#8221;left&#8221;]Veri Y\u00f6netimi, Planlama, Bili\u015fim ve \u0130leti\u015fim konular\u0131n\u0131 harmanlayarak d\u0131\u015f ticaret deste\u011fi sa\u011fl\u0131yoruz.[\/vc_icon][\/vc_column_inner][vc_column_inner column_width_percent=&#8221;100&#8243; align_horizontal=&#8221;align_center&#8221; gutter_size=&#8221;3&#8243; style=&#8221;dark&#8221; overlay_alpha=&#8221;100&#8243; shift_x=&#8221;0&#8243; shift_y=&#8221;0&#8243; shift_y_down=&#8221;0&#8243; z_index=&#8221;0&#8243; medium_width=&#8221;3&#8243; mobile_width=&#8221;0&#8243; zoom_width=&#8221;0&#8243; zoom_height=&#8221;0&#8243; width=&#8221;1\/3&#8243;][vc_icon icon=&#8221;fa fa-group&#8221; icon_color=&#8221;color-446820&#8243; background_style=&#8221;fa-rounded&#8221; size=&#8221;fa-3x&#8221; text_size=&#8221;h4&#8243; text_reduced=&#8221;yes&#8221; align=&#8221;left&#8221;]D\u0131\u015f ticaret konusunda kalifiye personel deste\u011fi sa\u011flayarak i\u015f ortaklar\u0131m\u0131za d\u0131\u015f kaynak ihracat departmanlar\u0131 olu\u015fturuyoruz.[\/vc_icon][\/vc_column_inner][vc_column_inner column_width_percent=&#8221;100&#8243; align_horizontal=&#8221;align_center&#8221; gutter_size=&#8221;3&#8243; style=&#8221;dark&#8221; overlay_alpha=&#8221;100&#8243; shift_x=&#8221;0&#8243; shift_y=&#8221;0&#8243; shift_y_down=&#8221;0&#8243; z_index=&#8221;0&#8243; medium_width=&#8221;3&#8243; mobile_width=&#8221;0&#8243; zoom_width=&#8221;0&#8243; zoom_height=&#8221;0&#8243; width=&#8221;1\/3&#8243;][vc_icon icon=&#8221;fa fa-piechart&#8221; icon_color=&#8221;color-446820&#8243; background_style=&#8221;fa-rounded&#8221; size=&#8221;fa-3x&#8221; text_size=&#8221;h4&#8243; text_reduced=&#8221;yes&#8221; align=&#8221;left&#8221;]\u0130\u015f ortaklar\u0131m\u0131za d\u00fczenli bir raporlama deste\u011fi sunarak takip edilebilir bir d\u0131\u015f destek sa\u011fl\u0131yoruz.[\/vc_icon][\/vc_column_inner][\/vc_row_inner][\/vc_column][\/vc_row]<\/p>\n","protected":false},"excerpt":{"rendered":"<p>[vc_row row_height_percent=&#8221;0&#8243; override_padding=&#8221;yes&#8221; h_padding=&#8221;2&#8243; top_padding=&#8221;5&#8243; bottom_padding=&#8221;5&#8243; overlay_alpha=&#8221;100&#8243; gutter_size=&#8221;100&#8243; shift_y=&#8221;0&#8243; style=&#8221;inherited&#8221;][vc_column column_width_use_pixel=&#8221;yes&#8221; align_horizontal=&#8221;align_center&#8221; gutter_size=&#8221;4&#8243; font_family=&#8221;font-134980&#8243; overlay_alpha=&#8221;100&#8243; shift_x=&#8221;0&#8243; shift_y=&#8221;0&#8243; medium_width=&#8221;0&#8243; zoom_width=&#8221;0&#8243; zoom_height=&#8221;0&#8243; [&hellip;]<\/p>\n","protected":false},"author":1,"featured_media":0,"parent":36601,"menu_order":0,"comment_status":"closed","ping_status":"closed","template":"","meta":{"_monsterinsights_skip_tracking":false,"_monsterinsights_sitenote_active":false,"_monsterinsights_sitenote_note":"","_monsterinsights_sitenote_category":0,"footnotes":""},"_links":{"self":[{"href":"https:\/\/www.intelcon.com.tr\/index.php\/wp-json\/wp\/v2\/pages\/3541"}],"collection":[{"href":"https:\/\/www.intelcon.com.tr\/index.php\/wp-json\/wp\/v2\/pages"}],"about":[{"href":"https:\/\/www.intelcon.com.tr\/index.php\/wp-json\/wp\/v2\/types\/page"}],"author":[{"embeddable":true,"href":"https:\/\/www.intelcon.com.tr\/index.php\/wp-json\/wp\/v2\/users\/1"}],"replies":[{"embeddable":true,"href":"https:\/\/www.intelcon.com.tr\/index.php\/wp-json\/wp\/v2\/comments?post=3541"}],"version-history":[{"count":24,"href":"https:\/\/www.intelcon.com.tr\/index.php\/wp-json\/wp\/v2\/pages\/3541\/revisions"}],"predecessor-version":[{"id":84292,"href":"https:\/\/www.intelcon.com.tr\/index.php\/wp-json\/wp\/v2\/pages\/3541\/revisions\/84292"}],"up":[{"embeddable":true,"href":"https:\/\/www.intelcon.com.tr\/index.php\/wp-json\/wp\/v2\/pages\/36601"}],"wp:attachment":[{"href":"https:\/\/www.intelcon.com.tr\/index.php\/wp-json\/wp\/v2\/media?parent=3541"}],"curies":[{"name":"wp","href":"https:\/\/api.w.org\/{rel}","templated":true}]}}