{"id":56995,"date":"2017-05-05T12:07:34","date_gmt":"2017-05-05T10:07:34","guid":{"rendered":"https:\/\/undsgn.com\/uncode\/?page_id=56995"},"modified":"2021-01-16T23:41:08","modified_gmt":"2021-01-16T23:41:08","slug":"dis-ticaret-istihbarat","status":"publish","type":"page","link":"https:\/\/www.intelcon.com.tr\/index.php\/pages\/dis-ticaret-istihbarat\/","title":{"rendered":"D\u0131\u015f Pazar \u0130stihbarat\u0131"},"content":{"rendered":"<p>[vc_row unlock_row_content=&#8221;yes&#8221; row_height_percent=&#8221;50&#8243; override_padding=&#8221;yes&#8221; h_padding=&#8221;0&#8243; top_padding=&#8221;0&#8243; bottom_padding=&#8221;0&#8243; overlay_alpha=&#8221;50&#8243; equal_height=&#8221;yes&#8221; gutter_size=&#8221;0&#8243; shift_y=&#8221;0&#8243;][vc_column column_width_percent=&#8221;100&#8243; gutter_size=&#8221;0&#8243; overlay_alpha=&#8221;50&#8243; shift_x=&#8221;0&#8243; shift_y=&#8221;0&#8243; z_index=&#8221;0&#8243; medium_width=&#8221;0&#8243; mobile_width=&#8221;0&#8243; width=&#8221;1\/2&#8243;][vc_row_inner row_inner_height_percent=&#8221;50&#8243; back_color=&#8221;color-xsdn&#8221; overlay_alpha=&#8221;50&#8243; gutter_size=&#8221;3&#8243; shift_y=&#8221;0&#8243; limit_content=&#8221;&#8221;][vc_column_inner column_width_percent=&#8221;100&#8243; gutter_size=&#8221;2&#8243; override_padding=&#8221;yes&#8221; column_padding=&#8221;4&#8243; overlay_alpha=&#8221;50&#8243; shift_x=&#8221;0&#8243; shift_y=&#8221;0&#8243; shift_y_down=&#8221;0&#8243; z_index=&#8221;0&#8243; medium_width=&#8221;0&#8243; mobile_width=&#8221;0&#8243; width=&#8221;1\/1&#8243;][vc_custom_heading text_size=&#8221;h1&#8243; text_weight=&#8221;500&#8243;]Tedarik Zinciri Y\u00f6netimi[\/vc_custom_heading][vc_column_text text_lead=&#8221;yes&#8221;]Firman\u0131z i\u00e7in K\u0131sa &#8211; Orta &#8211; Uzun vadeli d\u0131\u015f pazar planlamalar\u0131n\u0131 yap\u0131p, ihracat s\u00fcrecindeki t\u00fcm ad\u0131mlar\u0131 sizin i\u00e7in y\u00f6netiyoruz. \u00c7a\u011f\u0131n nimeti olan veri analizini, d\u0131\u015f ticaret ile birle\u015ftirip yeni nesil pazar ara\u015ft\u0131rma raporlar\u0131 \u00fcretiyoruz.[\/vc_column_text][\/vc_column_inner][\/vc_row_inner][vc_row_inner row_inner_height_percent=&#8221;50&#8243; overlay_alpha=&#8221;50&#8243; equal_height=&#8221;yes&#8221; gutter_size=&#8221;0&#8243; shift_y=&#8221;0&#8243; limit_content=&#8221;&#8221;][vc_column_inner column_width_percent=&#8221;100&#8243; gutter_size=&#8221;3&#8243; override_padding=&#8221;yes&#8221; column_padding=&#8221;4&#8243; back_color=&#8221;color-lxmt&#8221; overlay_alpha=&#8221;50&#8243; shift_x=&#8221;0&#8243; shift_y=&#8221;0&#8243; shift_y_down=&#8221;0&#8243; z_index=&#8221;0&#8243; medium_width=&#8221;4&#8243; mobile_width=&#8221;0&#8243; width=&#8221;1\/2&#8243;][vc_icon icon=&#8221;fa fa-tools&#8221; size=&#8221;fa-2x&#8221; text_size=&#8221;h2&#8243; text_weight=&#8221;500&#8243; text_reduced=&#8221;yes&#8221; align=&#8221;left&#8221; title=&#8221;Veri Y\u00f6netimi ve G\u00f6rselle\u015ftirme&#8221;]Firman\u0131z\u0131 d\u00fcnya ticaretine a\u00e7arken takip edilebilir, s\u00fcrd\u00fcrebilir ve y\u00f6netilebilir hale getiriyoruz. \u0130\u015f zekas\u0131 uygulamalar\u0131 d\u0131\u015f ticarete adapte edip benzersiz raporlar sunuyoruz[\/vc_icon][\/vc_column_inner][vc_column_inner column_width_percent=&#8221;100&#8243; gutter_size=&#8221;3&#8243; override_padding=&#8221;yes&#8221; column_padding=&#8221;4&#8243; back_color=&#8221;color-wayh&#8221; back_image=&#8221;83532&#8243; back_position=&#8221;center top&#8221; overlay_alpha=&#8221;50&#8243; shift_x=&#8221;0&#8243; shift_y=&#8221;0&#8243; shift_y_down=&#8221;0&#8243; z_index=&#8221;0&#8243; medium_width=&#8221;4&#8243; mobile_width=&#8221;0&#8243; width=&#8221;1\/2&#8243; mobile_height=&#8221;300&#8243;][\/vc_column_inner][\/vc_row_inner][\/vc_column][vc_column column_width_percent=&#8221;100&#8243; gutter_size=&#8221;3&#8243; back_image=&#8221;83528&#8243; overlay_alpha=&#8221;50&#8243; shift_x=&#8221;0&#8243; shift_y=&#8221;0&#8243; shift_y_down=&#8221;0&#8243; z_index=&#8221;0&#8243; medium_visibility=&#8221;yes&#8221; medium_width=&#8221;0&#8243; mobile_visibility=&#8221;yes&#8221; mobile_width=&#8221;0&#8243; width=&#8221;1\/2&#8243; mobile_height=&#8221;300&#8243;][\/vc_column][\/vc_row][vc_row unlock_row_content=&#8221;yes&#8221; row_height_percent=&#8221;0&#8243; override_padding=&#8221;yes&#8221; h_padding=&#8221;0&#8243; top_padding=&#8221;0&#8243; bottom_padding=&#8221;0&#8243; back_color=&#8221;color-rgdb&#8221; overlay_alpha=&#8221;50&#8243; equal_height=&#8221;yes&#8221; gutter_size=&#8221;0&#8243; column_width_percent=&#8221;100&#8243; shift_y=&#8221;0&#8243; z_index=&#8221;0&#8243;][vc_column width=&#8221;1\/2&#8243;][vc_single_image media=&#8221;83535&#8243; media_width_percent=&#8221;100&#8243;][\/vc_column][vc_column column_width_percent=&#8221;100&#8243; position_vertical=&#8221;middle&#8221; gutter_size=&#8221;2&#8243; override_padding=&#8221;yes&#8221; column_padding=&#8221;4&#8243; style=&#8221;dark&#8221; overlay_alpha=&#8221;50&#8243; shift_x=&#8221;0&#8243; shift_y=&#8221;0&#8243; shift_y_down=&#8221;0&#8243; z_index=&#8221;0&#8243; medium_width=&#8221;0&#8243; mobile_width=&#8221;0&#8243; width=&#8221;1\/2&#8243;][vc_custom_heading heading_semantic=&#8221;h1&#8243; text_size=&#8221;&#8221; text_weight=&#8221;700&#8243;]D\u0131\u015f Ticaret \u0130li\u015fki A\u011f\u0131[\/vc_custom_heading][vc_column_text text_lead=&#8221;yes&#8221;]Intelcon, deneyimli Uluslararas\u0131 Ticaret, Lojistik ve Finans uzmanlar\u0131n\u0131n bir araya gelmesiyle olu\u015fmu\u015ftur. T\u00fcm d\u00fcnyaya ticari acente sistemiyle yay\u0131lm\u0131\u015f, 30 &#8216;dan fazla \u00fclkede 50&#8217;den fazla \u00fcyeyle d\u0131\u015f ticaretinizi destekliyoruz. Ayn\u0131 bir \u00e7ok \u00fclkede pazar ara\u015ft\u0131rmalar\u0131n\u0131z\u0131 yaparken, verilerin g\u00fcc\u00fcn\u00fc ileti\u015fim yetene\u011fi ile birle\u015ftiriyoruz.[\/vc_column_text][\/vc_column][\/vc_row]<\/p>\n","protected":false},"excerpt":{"rendered":"<p>[vc_row unlock_row_content=&#8221;yes&#8221; row_height_percent=&#8221;50&#8243; override_padding=&#8221;yes&#8221; h_padding=&#8221;0&#8243; top_padding=&#8221;0&#8243; bottom_padding=&#8221;0&#8243; overlay_alpha=&#8221;50&#8243; equal_height=&#8221;yes&#8221; gutter_size=&#8221;0&#8243; shift_y=&#8221;0&#8243;][vc_column column_width_percent=&#8221;100&#8243; gutter_size=&#8221;0&#8243; overlay_alpha=&#8221;50&#8243; shift_x=&#8221;0&#8243; shift_y=&#8221;0&#8243; z_index=&#8221;0&#8243; medium_width=&#8221;0&#8243; mobile_width=&#8221;0&#8243; width=&#8221;1\/2&#8243;][vc_row_inner [&hellip;]<\/p>\n","protected":false},"author":1,"featured_media":0,"parent":36601,"menu_order":0,"comment_status":"closed","ping_status":"closed","template":"","meta":{"_monsterinsights_skip_tracking":false,"_monsterinsights_sitenote_active":false,"_monsterinsights_sitenote_note":"","_monsterinsights_sitenote_category":0,"footnotes":""},"_links":{"self":[{"href":"https:\/\/www.intelcon.com.tr\/index.php\/wp-json\/wp\/v2\/pages\/56995"}],"collection":[{"href":"https:\/\/www.intelcon.com.tr\/index.php\/wp-json\/wp\/v2\/pages"}],"about":[{"href":"https:\/\/www.intelcon.com.tr\/index.php\/wp-json\/wp\/v2\/types\/page"}],"author":[{"embeddable":true,"href":"https:\/\/www.intelcon.com.tr\/index.php\/wp-json\/wp\/v2\/users\/1"}],"replies":[{"embeddable":true,"href":"https:\/\/www.intelcon.com.tr\/index.php\/wp-json\/wp\/v2\/comments?post=56995"}],"version-history":[{"count":8,"href":"https:\/\/www.intelcon.com.tr\/index.php\/wp-json\/wp\/v2\/pages\/56995\/revisions"}],"predecessor-version":[{"id":83547,"href":"https:\/\/www.intelcon.com.tr\/index.php\/wp-json\/wp\/v2\/pages\/56995\/revisions\/83547"}],"up":[{"embeddable":true,"href":"https:\/\/www.intelcon.com.tr\/index.php\/wp-json\/wp\/v2\/pages\/36601"}],"wp:attachment":[{"href":"https:\/\/www.intelcon.com.tr\/index.php\/wp-json\/wp\/v2\/media?parent=56995"}],"curies":[{"name":"wp","href":"https:\/\/api.w.org\/{rel}","templated":true}]}}