{"id":57007,"date":"2017-05-05T12:09:32","date_gmt":"2017-05-05T10:09:32","guid":{"rendered":"https:\/\/undsgn.com\/uncode\/?page_id=57007"},"modified":"2021-01-30T16:45:50","modified_gmt":"2021-01-30T16:45:50","slug":"hizmetler","status":"publish","type":"page","link":"https:\/\/www.intelcon.com.tr\/index.php\/hizmetler\/","title":{"rendered":"Hizmetler"},"content":{"rendered":"<p>[vc_row row_height_percent=&#8221;0&#8243; override_padding=&#8221;yes&#8221; h_padding=&#8221;2&#8243; top_padding=&#8221;5&#8243; bottom_padding=&#8221;5&#8243; back_color=&#8221;accent&#8221; overlay_alpha=&#8221;50&#8243; gutter_size=&#8221;3&#8243; column_width_percent=&#8221;100&#8243; shift_y=&#8221;0&#8243; z_index=&#8221;0&#8243;][vc_column column_width_use_pixel=&#8221;yes&#8221; position_vertical=&#8221;middle&#8221; align_horizontal=&#8221;align_center&#8221; gutter_size=&#8221;3&#8243; style=&#8221;dark&#8221; font_family=&#8221;font-762333&#8243; overlay_alpha=&#8221;50&#8243; shift_x=&#8221;0&#8243; shift_y=&#8221;0&#8243; shift_y_down=&#8221;0&#8243; z_index=&#8221;0&#8243; medium_width=&#8221;0&#8243; mobile_width=&#8221;0&#8243; width=&#8221;1\/1&#8243; column_width_pixel=&#8221;800&#8243;][vc_custom_heading text_transform=&#8221;uppercase&#8221;]K\u00dcRESELLE\u015eEN D\u00dcNYA \u0130LE SINIRLARINIZI KALDIRALIM[\/vc_custom_heading][\/vc_column][\/vc_row][vc_row unlock_row_content=&#8221;yes&#8221; row_height_percent=&#8221;50&#8243; override_padding=&#8221;yes&#8221; h_padding=&#8221;0&#8243; top_padding=&#8221;0&#8243; bottom_padding=&#8221;0&#8243; overlay_alpha=&#8221;50&#8243; equal_height=&#8221;yes&#8221; gutter_size=&#8221;0&#8243; shift_y=&#8221;0&#8243;][vc_column column_width_percent=&#8221;100&#8243; gutter_size=&#8221;0&#8243; overlay_alpha=&#8221;50&#8243; shift_x=&#8221;0&#8243; shift_y=&#8221;0&#8243; z_index=&#8221;0&#8243; medium_width=&#8221;0&#8243; mobile_width=&#8221;0&#8243; width=&#8221;1\/2&#8243;][vc_row_inner row_inner_height_percent=&#8221;50&#8243; back_color=&#8221;color-lxmt&#8221; overlay_alpha=&#8221;50&#8243; gutter_size=&#8221;3&#8243; shift_y=&#8221;0&#8243; limit_content=&#8221;&#8221;][vc_column_inner column_width_percent=&#8221;100&#8243; gutter_size=&#8221;3&#8243; override_padding=&#8221;yes&#8221; column_padding=&#8221;4&#8243; overlay_alpha=&#8221;50&#8243; shift_x=&#8221;0&#8243; shift_y=&#8221;0&#8243; z_index=&#8221;0&#8243; medium_width=&#8221;0&#8243; mobile_width=&#8221;0&#8243; width=&#8221;1\/1&#8243;][vc_custom_heading heading_semantic=&#8221;h3&#8243; text_size=&#8221;h1&#8243; text_transform=&#8221;uppercase&#8221; separator=&#8221;yes&#8221; separator_color=&#8221;yes&#8221;]DI\u015e T\u0130CARET[\/vc_custom_heading][vc_column_text]<\/p>\n<div class=\"agni_custom_heading page-scroll\">\n<h5 class=\"vc_custom_heading agni_custom_heading_responsive agni_custom_heading_content \"><span class=\"font-157103\">G\u00fcn\u00fcm\u00fczde \u00f6l\u00e7e\u011fi ne olursa olsun her \u015firket, k\u00fcresel ekonominin bir par\u00e7as\u0131.<\/span><\/h5>\n<\/div>\n<div class=\"agni_text_column agni-text-block \">\n<p><span class=\"font-157103\">\u0130\u015fletmelerin i\u00e7in do\u011fru pazarlar ve sat\u0131\u015f\u00a0 kanallar\u0131n\u0131 tespit ederek kendilerini k\u00fcresel bir akt\u00f6r olarak konumland\u0131rmalar\u0131na destek oluyoruz. Kobilere verilen deste\u011fin \u00fclke ekonomisine evrilen destek oldu\u011funun bilincinde olarak \u00fcr\u00fcnlerinizin uluslararas\u0131 pazarlara ta\u015f\u0131nmas\u0131 i\u00e7in \u015firketler ile birlikte stratejiler belirliyor ve bunlar\u0131n hayata ge\u00e7irilmesini sa\u011fl\u0131yoruz.<\/span><\/div>\n<p>[\/vc_column_text][\/vc_column_inner][\/vc_row_inner][vc_row_inner row_inner_height_percent=&#8221;50&#8243; overlay_alpha=&#8221;50&#8243; equal_height=&#8221;yes&#8221; gutter_size=&#8221;0&#8243; shift_y=&#8221;0&#8243; limit_content=&#8221;&#8221;][vc_column_inner column_width_percent=&#8221;100&#8243; gutter_size=&#8221;3&#8243; override_padding=&#8221;yes&#8221; column_padding=&#8221;4&#8243; style=&#8221;dark&#8221; back_color=&#8221;color-rgdb&#8221; overlay_alpha=&#8221;50&#8243; shift_x=&#8221;0&#8243; shift_y=&#8221;0&#8243; z_index=&#8221;0&#8243; medium_width=&#8221;0&#8243; mobile_width=&#8221;0&#8243; width=&#8221;1\/2&#8243;][vc_icon icon_image=&#8221;83392&#8243; icon_color=&#8221;accent&#8221; css_animation=&#8221;zoom-out&#8221; animation_delay=&#8221;200&#8243; align=&#8221;left&#8221; title=&#8221;\u0130HRACAT &amp; \u0130THALAT&#8221;]Kaliteli bir d\u0131\u015f ticaret deneyimi i\u00e7in firman\u0131z\u0131n t\u00fcm ithalat ve ihracat operasyonlar\u0131n\u0131 sizin i\u00e7in y\u00f6netiyoruz[\/vc_icon][\/vc_column_inner][vc_column_inner column_width_percent=&#8221;100&#8243; gutter_size=&#8221;3&#8243; override_padding=&#8221;yes&#8221; column_padding=&#8221;4&#8243; style=&#8221;dark&#8221; back_color=&#8221;color-wayh&#8221; overlay_alpha=&#8221;50&#8243; shift_x=&#8221;0&#8243; shift_y=&#8221;0&#8243; z_index=&#8221;0&#8243; medium_width=&#8221;0&#8243; mobile_width=&#8221;0&#8243; width=&#8221;1\/2&#8243;][vc_icon icon_image=&#8221;83391&#8243; icon_color=&#8221;accent&#8221; css_animation=&#8221;zoom-out&#8221; animation_delay=&#8221;400&#8243; align=&#8221;left&#8221; title=&#8221;PAZAR ARA\u015eTIRMA&#8221;]\u00dcr\u00fcnlerinizi uluslararas\u0131 arenada do\u011fru pazarlara ve hedef kitleye ula\u015ft\u0131rmak i\u00e7in dikkatli bir pazar ara\u015ft\u0131rmas\u0131n\u0131 veri y\u00f6netimi ile birle\u015ftiriyoruz.[\/vc_icon][\/vc_column_inner][\/vc_row_inner][\/vc_column][vc_column column_width_percent=&#8221;100&#8243; gutter_size=&#8221;3&#8243; back_image=&#8221;83404&#8243; overlay_alpha=&#8221;50&#8243; shift_x=&#8221;0&#8243; shift_y=&#8221;0&#8243; shift_y_down=&#8221;0&#8243; z_index=&#8221;0&#8243; medium_width=&#8221;0&#8243; mobile_width=&#8221;0&#8243; width=&#8221;1\/2&#8243;][\/vc_column][\/vc_row][vc_row unlock_row_content=&#8221;yes&#8221; row_height_percent=&#8221;50&#8243; override_padding=&#8221;yes&#8221; h_padding=&#8221;0&#8243; top_padding=&#8221;0&#8243; bottom_padding=&#8221;0&#8243; overlay_alpha=&#8221;50&#8243; equal_height=&#8221;yes&#8221; gutter_size=&#8221;0&#8243; shift_y=&#8221;0&#8243;][vc_column column_width_percent=&#8221;100&#8243; gutter_size=&#8221;3&#8243; back_image=&#8221;83400&#8243; overlay_alpha=&#8221;50&#8243; shift_x=&#8221;0&#8243; shift_y=&#8221;0&#8243; shift_y_down=&#8221;0&#8243; z_index=&#8221;0&#8243; medium_width=&#8221;0&#8243; mobile_width=&#8221;0&#8243; width=&#8221;1\/2&#8243;][\/vc_column][vc_column column_width_percent=&#8221;100&#8243; gutter_size=&#8221;0&#8243; overlay_alpha=&#8221;50&#8243; shift_x=&#8221;0&#8243; shift_y=&#8221;0&#8243; z_index=&#8221;0&#8243; medium_width=&#8221;0&#8243; mobile_width=&#8221;0&#8243; width=&#8221;1\/2&#8243;][vc_row_inner row_inner_height_percent=&#8221;50&#8243; back_color=&#8221;color-lxmt&#8221; overlay_alpha=&#8221;50&#8243; gutter_size=&#8221;3&#8243; shift_y=&#8221;0&#8243; limit_content=&#8221;&#8221;][vc_column_inner column_width_percent=&#8221;100&#8243; gutter_size=&#8221;3&#8243; override_padding=&#8221;yes&#8221; column_padding=&#8221;4&#8243; overlay_alpha=&#8221;50&#8243; shift_x=&#8221;0&#8243; shift_y=&#8221;0&#8243; z_index=&#8221;0&#8243; medium_width=&#8221;0&#8243; mobile_width=&#8221;0&#8243; width=&#8221;1\/1&#8243;][vc_custom_heading heading_semantic=&#8221;h3&#8243; text_size=&#8221;h1&#8243; text_transform=&#8221;uppercase&#8221; separator=&#8221;yes&#8221; separator_color=&#8221;yes&#8221;]K\u00dcRESEL \u0130\u015eLETME[\/vc_custom_heading][vc_column_text]Bilgi \u00e7a\u011f\u0131m\u0131z\u0131n en g\u00fc\u00e7l\u00fc silah\u0131d\u0131r. Nitelikli ve bizleri somut \u00e7\u00f6z\u00fcmlere ula\u015ft\u0131racak verileri\u00a0 g\u00fcn\u00fcm\u00fcz d\u00fcnyas\u0131n\u0131n en \u00f6nemli nimetidir. K\u00fcresel ekonomi ve finans nas\u0131l \u015fekilleniyor? Girmek istedi\u011fim pazardaki riskleri nas\u0131l analiz edebilirim? D\u00fcnyan\u0131n farkl\u0131 b\u00f6lgelerindeki geli\u015fmekte olan piyasalar nas\u0131l imkanlar sunuyor? K\u00fcresel bir strateji nas\u0131l olmal\u0131? T\u00fcm bu konularda sundu\u011fumuz g\u00fcncel bilgiler ile d\u0131\u015f ticaretinizi \u015fekillendiriyoruz[\/vc_column_text][\/vc_column_inner][\/vc_row_inner][vc_row_inner row_inner_height_percent=&#8221;50&#8243; overlay_alpha=&#8221;50&#8243; equal_height=&#8221;yes&#8221; gutter_size=&#8221;0&#8243; shift_y=&#8221;0&#8243; limit_content=&#8221;&#8221;][vc_column_inner column_width_percent=&#8221;100&#8243; gutter_size=&#8221;3&#8243; override_padding=&#8221;yes&#8221; column_padding=&#8221;4&#8243; style=&#8221;dark&#8221; back_color=&#8221;color-rgdb&#8221; overlay_alpha=&#8221;50&#8243; shift_x=&#8221;0&#8243; shift_y=&#8221;0&#8243; z_index=&#8221;0&#8243; medium_width=&#8221;0&#8243; mobile_width=&#8221;0&#8243; width=&#8221;1\/2&#8243;][vc_icon icon_image=&#8221;83393&#8243; icon_color=&#8221;accent&#8221; css_animation=&#8221;zoom-out&#8221; animation_delay=&#8221;200&#8243; align=&#8221;left&#8221; title=&#8221;GLOBAL EKONOM\u0130&#8221;]D\u00fcnya ekonomisindeki de\u011fi\u015fliklere \u015firketimizi adapte etmek ve de\u011fi\u015fen dinamikleri avantaja d\u00f6n\u00fc\u015ft\u00fcrmek i\u00e7in g\u00fcncel raporlar sunuyoruz[\/vc_icon][\/vc_column_inner][vc_column_inner column_width_percent=&#8221;100&#8243; gutter_size=&#8221;3&#8243; override_padding=&#8221;yes&#8221; column_padding=&#8221;4&#8243; style=&#8221;dark&#8221; back_color=&#8221;color-wayh&#8221; overlay_alpha=&#8221;50&#8243; shift_x=&#8221;0&#8243; shift_y=&#8221;0&#8243; z_index=&#8221;0&#8243; medium_width=&#8221;0&#8243; mobile_width=&#8221;0&#8243; width=&#8221;1\/2&#8243;][vc_icon icon_image=&#8221;83394&#8243; icon_color=&#8221;accent&#8221; css_animation=&#8221;zoom-out&#8221; animation_delay=&#8221;400&#8243; align=&#8221;left&#8221; title=&#8221;TEDAR\u0130K Z\u0130NC\u0130R\u0130 Y\u00d6NET\u0130M\u0130&#8221;]\u0130\u015f ortaklar\u0131m\u0131za, do\u011fru \u00fcr\u00fcn\u00fcn, do\u011fru zamanda, do\u011fru yerde, do\u011fru fiyata \u00a0m\u00fcmk\u00fcn olan en d\u00fc\u015f\u00fck maliyetle ula\u015fmas\u0131n\u0131 sa\u011fl\u0131yoruz.[\/vc_icon][\/vc_column_inner][\/vc_row_inner][\/vc_column][\/vc_row][vc_row row_height_percent=&#8221;0&#8243; override_padding=&#8221;yes&#8221; h_padding=&#8221;2&#8243; top_padding=&#8221;7&#8243; bottom_padding=&#8221;7&#8243; back_color=&#8221;color-wayh&#8221; back_image=&#8221;72008&#8243; back_position=&#8221;center top&#8221; parallax=&#8221;yes&#8221; overlay_color=&#8221;accent&#8221; overlay_alpha=&#8221;90&#8243; gutter_size=&#8221;100&#8243; column_width_percent=&#8221;100&#8243; shift_y=&#8221;0&#8243; z_index=&#8221;0&#8243; style=&#8221;inherited&#8221;][vc_column column_width_percent=&#8221;100&#8243; position_vertical=&#8221;middle&#8221; align_horizontal=&#8221;align_center&#8221; gutter_size=&#8221;3&#8243; style=&#8221;dark&#8221; overlay_alpha=&#8221;100&#8243; shift_x=&#8221;0&#8243; shift_y=&#8221;0&#8243; medium_width=&#8221;0&#8243; zoom_width=&#8221;0&#8243; zoom_height=&#8221;0&#8243; width=&#8221;1\/1&#8243;][vc_column_text]<\/p>\n<h4 style=\"text-align: center;\">ASYA&#8217;NIN \u00dcRETKENL\u0130\u011e\u0130 VE BATI&#8217;NIN \u00dcRET\u0130M METODOLOJ\u0130S\u0130N\u0130 B\u0130R ARAYA GET\u0130REREK MODERN \u00c7A\u011eIN GLOBAL DI\u015e T\u0130CARET Y\u00dcZ\u00dc OLMAK \u0130\u00c7\u0130N \u00c7ALI\u015eIYORUZ.<\/h4>\n<p style=\"text-align: center;\"><span class=\"font-157103\">Sinan Tutuman \/ Kurucu<\/span><\/p>\n<p>[\/vc_column_text][\/vc_column][\/vc_row]<\/p>\n","protected":false},"excerpt":{"rendered":"<p>[vc_row row_height_percent=&#8221;0&#8243; override_padding=&#8221;yes&#8221; h_padding=&#8221;2&#8243; top_padding=&#8221;5&#8243; bottom_padding=&#8221;5&#8243; back_color=&#8221;accent&#8221; overlay_alpha=&#8221;50&#8243; gutter_size=&#8221;3&#8243; column_width_percent=&#8221;100&#8243; shift_y=&#8221;0&#8243; z_index=&#8221;0&#8243;][vc_column column_width_use_pixel=&#8221;yes&#8221; position_vertical=&#8221;middle&#8221; align_horizontal=&#8221;align_center&#8221; gutter_size=&#8221;3&#8243; style=&#8221;dark&#8221; font_family=&#8221;font-762333&#8243; overlay_alpha=&#8221;50&#8243; shift_x=&#8221;0&#8243; [&hellip;]<\/p>\n","protected":false},"author":1,"featured_media":83382,"parent":0,"menu_order":0,"comment_status":"closed","ping_status":"closed","template":"","meta":{"_monsterinsights_skip_tracking":false,"_monsterinsights_sitenote_active":false,"_monsterinsights_sitenote_note":"","_monsterinsights_sitenote_category":0,"footnotes":""},"_links":{"self":[{"href":"https:\/\/www.intelcon.com.tr\/index.php\/wp-json\/wp\/v2\/pages\/57007"}],"collection":[{"href":"https:\/\/www.intelcon.com.tr\/index.php\/wp-json\/wp\/v2\/pages"}],"about":[{"href":"https:\/\/www.intelcon.com.tr\/index.php\/wp-json\/wp\/v2\/types\/page"}],"author":[{"embeddable":true,"href":"https:\/\/www.intelcon.com.tr\/index.php\/wp-json\/wp\/v2\/users\/1"}],"replies":[{"embeddable":true,"href":"https:\/\/www.intelcon.com.tr\/index.php\/wp-json\/wp\/v2\/comments?post=57007"}],"version-history":[{"count":25,"href":"https:\/\/www.intelcon.com.tr\/index.php\/wp-json\/wp\/v2\/pages\/57007\/revisions"}],"predecessor-version":[{"id":83548,"href":"https:\/\/www.intelcon.com.tr\/index.php\/wp-json\/wp\/v2\/pages\/57007\/revisions\/83548"}],"wp:featuredmedia":[{"embeddable":true,"href":"https:\/\/www.intelcon.com.tr\/index.php\/wp-json\/wp\/v2\/media\/83382"}],"wp:attachment":[{"href":"https:\/\/www.intelcon.com.tr\/index.php\/wp-json\/wp\/v2\/media?parent=57007"}],"curies":[{"name":"wp","href":"https:\/\/api.w.org\/{rel}","templated":true}]}}